{"id":122,"date":"2019-11-02T20:34:45","date_gmt":"2019-11-02T19:34:45","guid":{"rendered":"http:\/\/neu.judomiesbach.de\/?page_id=122"},"modified":"2025-10-19T14:05:54","modified_gmt":"2025-10-19T13:05:54","slug":"trainer","status":"publish","type":"page","link":"https:\/\/www.judomiesbach.de\/?page_id=122","title":{"rendered":"Trainer"},"content":{"rendered":"<figure class=\"wp-block-image is-resized\"><img loading=\"lazy\" decoding=\"async\" width=\"384\" height=\"512\" class=\"wp-image-123\" style=\"width: 330px; height: auto;\" src=\"https:\/\/www.judomiesbach.de\/wp-content\/uploads\/2019\/11\/ChristianG.jpg\" alt=\"\" srcset=\"https:\/\/www.judomiesbach.de\/wp-content\/uploads\/2019\/11\/ChristianG.jpg 384w, https:\/\/www.judomiesbach.de\/wp-content\/uploads\/2019\/11\/ChristianG-225x300.jpg 225w\" sizes=\"auto, (max-width: 384px) 85vw, 384px\" \/>\n<figcaption class=\"wp-element-caption\">Christian Grosch<br \/>Abteilungsleiter,<br \/>2. Dan Judo,<br \/>1. Dan Jiu-Jitsu,<br \/>Pr\u00fcferlizenz,<br \/>Trainer C-Leistungssport,<br \/>Trainer C-Breitensport<\/figcaption>\n<\/figure>\n<figure class=\"wp-block-image is-resized\"><img loading=\"lazy\" decoding=\"async\" width=\"822\" height=\"1024\" class=\"wp-image-427\" style=\"width: 330px; height: auto;\" src=\"https:\/\/www.judomiesbach.de\/wp-content\/uploads\/2023\/07\/signal-2023-07-16-185335_002-822x1024.jpeg\" alt=\"\" srcset=\"https:\/\/www.judomiesbach.de\/wp-content\/uploads\/2023\/07\/signal-2023-07-16-185335_002-822x1024.jpeg 822w, https:\/\/www.judomiesbach.de\/wp-content\/uploads\/2023\/07\/signal-2023-07-16-185335_002-241x300.jpeg 241w, https:\/\/www.judomiesbach.de\/wp-content\/uploads\/2023\/07\/signal-2023-07-16-185335_002-768x957.jpeg 768w, https:\/\/www.judomiesbach.de\/wp-content\/uploads\/2023\/07\/signal-2023-07-16-185335_002-1233x1536.jpeg 1233w, https:\/\/www.judomiesbach.de\/wp-content\/uploads\/2023\/07\/signal-2023-07-16-185335_002-1200x1495.jpeg 1200w, https:\/\/www.judomiesbach.de\/wp-content\/uploads\/2023\/07\/signal-2023-07-16-185335_002.jpeg 1644w\" sizes=\"auto, (max-width: 822px) 85vw, 822px\" \/>\n<figcaption class=\"wp-element-caption\">Hannah Sergel 1. Dan<br \/>Pr\u00fcferlizenz<br \/>Trainerin C Leistungssport<br \/>Bayrische Kata-Vizemeisterin<\/figcaption>\n<\/figure>\n<figure class=\"wp-block-image is-resized\"><img loading=\"lazy\" decoding=\"async\" class=\"alignnone wp-image-538 size-full\" style=\"width: 330px; height: auto;\" src=\"https:\/\/www.judomiesbach.de\/wp-content\/uploads\/2024\/03\/signal-2024-03-09-143744_002.jpeg\" alt=\"\" width=\"1536\" height=\"2048\" srcset=\"https:\/\/www.judomiesbach.de\/wp-content\/uploads\/2024\/03\/signal-2024-03-09-143744_002.jpeg 1536w, https:\/\/www.judomiesbach.de\/wp-content\/uploads\/2024\/03\/signal-2024-03-09-143744_002-225x300.jpeg 225w, https:\/\/www.judomiesbach.de\/wp-content\/uploads\/2024\/03\/signal-2024-03-09-143744_002-768x1024.jpeg 768w, https:\/\/www.judomiesbach.de\/wp-content\/uploads\/2024\/03\/signal-2024-03-09-143744_002-1152x1536.jpeg 1152w, https:\/\/www.judomiesbach.de\/wp-content\/uploads\/2024\/03\/signal-2024-03-09-143744_002-1200x1600.jpeg 1200w\" sizes=\"auto, (max-width: 709px) 85vw, (max-width: 909px) 67vw, (max-width: 1362px) 62vw, 840px\" \/>\n<figcaption class=\"wp-element-caption\">Andreas Richter 1.Dan Ju Jutsu<\/figcaption>\n<\/figure>\n\n\n<figure class=\"wp-block-image is-resized\"><img loading=\"lazy\" decoding=\"async\" width=\"181\" height=\"242\" src=\"https:\/\/www.judomiesbach.de\/wp-content\/uploads\/2019\/11\/katja.jpg\" alt=\"\" class=\"wp-image-124\" style=\"width:330px;height:auto\"\/><figcaption class=\"wp-element-caption\"> Katja Grosch 1. Kyu<br>Kassenwartin &amp; Schriftf\u00fchrerin,<br>Trainerin <\/figcaption><\/figure>\n\n\n<figure class=\"wp-block-image is-resized\"><img loading=\"lazy\" decoding=\"async\" width=\"803\" height=\"1024\" src=\"https:\/\/www.judomiesbach.de\/wp-content\/uploads\/2020\/10\/20201005_1853453-803x1024.jpg\" alt=\"\" class=\"wp-image-272\" style=\"width:310px;height:auto\" srcset=\"https:\/\/www.judomiesbach.de\/wp-content\/uploads\/2020\/10\/20201005_1853453-803x1024.jpg 803w, https:\/\/www.judomiesbach.de\/wp-content\/uploads\/2020\/10\/20201005_1853453-235x300.jpg 235w, https:\/\/www.judomiesbach.de\/wp-content\/uploads\/2020\/10\/20201005_1853453-768x980.jpg 768w, https:\/\/www.judomiesbach.de\/wp-content\/uploads\/2020\/10\/20201005_1853453-1204x1536.jpg 1204w, https:\/\/www.judomiesbach.de\/wp-content\/uploads\/2020\/10\/20201005_1853453-1605x2048.jpg 1605w, https:\/\/www.judomiesbach.de\/wp-content\/uploads\/2020\/10\/20201005_1853453-1200x1531.jpg 1200w, https:\/\/www.judomiesbach.de\/wp-content\/uploads\/2020\/10\/20201005_1853453-scaled.jpg 2006w\" sizes=\"auto, (max-width: 803px) 85vw, 803px\" \/><figcaption class=\"wp-element-caption\"> Vitus Bern\u00f6cker <br \/>Trainer C Leistungssport,<br \/>s\u00fcd<em>deutscher Vize-Meister U18<\/em><\/figcaption><\/figure>\n<figure class=\"wp-block-image size-large is-resized\"><img loading=\"lazy\" decoding=\"async\" width=\"768\" height=\"1024\" src=\"https:\/\/www.judomiesbach.de\/wp-content\/uploads\/2021\/02\/christian-768x1024.jpg\" alt=\"\" class=\"wp-image-276\" style=\"width:330px;height:auto\" srcset=\"https:\/\/www.judomiesbach.de\/wp-content\/uploads\/2021\/02\/christian-768x1024.jpg 768w, https:\/\/www.judomiesbach.de\/wp-content\/uploads\/2021\/02\/christian-225x300.jpg 225w, https:\/\/www.judomiesbach.de\/wp-content\/uploads\/2021\/02\/christian-1152x1536.jpg 1152w, https:\/\/www.judomiesbach.de\/wp-content\/uploads\/2021\/02\/christian-1536x2048.jpg 1536w, https:\/\/www.judomiesbach.de\/wp-content\/uploads\/2021\/02\/christian-1200x1600.jpg 1200w, https:\/\/www.judomiesbach.de\/wp-content\/uploads\/2021\/02\/christian-scaled.jpg 1920w\" sizes=\"auto, (max-width: 768px) 85vw, 768px\" \/><\/p>\n<figcaption class=\"wp-element-caption\">Christian Lohmann 1. Kyu<br \/><em>stellvertr. Abteilungsleiter<\/em><br \/>Trainer C Leistungssport,<br \/>O<em>berbayerischer Meister U21<\/em><\/figcaption>\n<\/figure>\n<figure class=\"wp-block-image size-large is-resized\"><img loading=\"lazy\" decoding=\"async\" width=\"603\" height=\"1024\" src=\"https:\/\/www.judomiesbach.de\/wp-content\/uploads\/2022\/12\/signal-2022-12-02-161217_002-603x1024.jpeg\" alt=\"\" class=\"wp-image-375\" style=\"width:330px;height:auto\" srcset=\"https:\/\/www.judomiesbach.de\/wp-content\/uploads\/2022\/12\/signal-2022-12-02-161217_002-603x1024.jpeg 603w, https:\/\/www.judomiesbach.de\/wp-content\/uploads\/2022\/12\/signal-2022-12-02-161217_002-177x300.jpeg 177w, https:\/\/www.judomiesbach.de\/wp-content\/uploads\/2022\/12\/signal-2022-12-02-161217_002-768x1303.jpeg 768w, https:\/\/www.judomiesbach.de\/wp-content\/uploads\/2022\/12\/signal-2022-12-02-161217_002-905x1536.jpeg 905w, https:\/\/www.judomiesbach.de\/wp-content\/uploads\/2022\/12\/signal-2022-12-02-161217_002.jpeg 1085w\" sizes=\"auto, (max-width: 603px) 85vw, 603px\" \/><\/p>\n<figcaption class=\"wp-element-caption\">Trainerassistentin<br \/>Bayrische Kata-Vizemeisterin<\/figcaption>\n<\/figure>\n<figure class=\"wp-block-image\"><img loading=\"lazy\" decoding=\"async\" width=\"181\" height=\"242\" src=\"https:\/\/www.judomiesbach.de\/wp-content\/uploads\/2019\/11\/Tamara.jpg\" alt=\"\" class=\"wp-image-125\"\/><\/p>\n<figcaption class=\"wp-element-caption\" style=\"width:330px;height:auto\"\/> Tamara Hart 1. Kyu<br \/>Trainerin C <\/figcaption>\n<\/figure>","protected":false},"excerpt":{"rendered":"<p>Christian GroschAbteilungsleiter,2. Dan Judo,1. Dan Jiu-Jitsu,Pr\u00fcferlizenz,Trainer C-Leistungssport,Trainer C-Breitensport Hannah Sergel 1. DanPr\u00fcferlizenzTrainerin C LeistungssportBayrische Kata-Vizemeisterin Andreas Richter 1.Dan Ju Jutsu Vitus Bern\u00f6cker Trainer C Leistungssport,s\u00fcddeutscher Vize-Meister U18 Christian Lohmann 1. Kyustellvertr. AbteilungsleiterTrainer C Leistungssport,Oberbayerischer Meister U21 TrainerassistentinBayrische Kata-Vizemeisterin Tamara Hart 1. KyuTrainerin C<\/p>\n","protected":false},"author":1,"featured_media":0,"parent":0,"menu_order":0,"comment_status":"closed","ping_status":"closed","template":"","meta":{"footnotes":""},"class_list":["post-122","page","type-page","status-publish","hentry"],"_links":{"self":[{"href":"https:\/\/www.judomiesbach.de\/index.php?rest_route=\/wp\/v2\/pages\/122","targetHints":{"allow":["GET"]}}],"collection":[{"href":"https:\/\/www.judomiesbach.de\/index.php?rest_route=\/wp\/v2\/pages"}],"about":[{"href":"https:\/\/www.judomiesbach.de\/index.php?rest_route=\/wp\/v2\/types\/page"}],"author":[{"embeddable":true,"href":"https:\/\/www.judomiesbach.de\/index.php?rest_route=\/wp\/v2\/users\/1"}],"replies":[{"embeddable":true,"href":"https:\/\/www.judomiesbach.de\/index.php?rest_route=%2Fwp%2Fv2%2Fcomments&post=122"}],"version-history":[{"count":35,"href":"https:\/\/www.judomiesbach.de\/index.php?rest_route=\/wp\/v2\/pages\/122\/revisions"}],"predecessor-version":[{"id":655,"href":"https:\/\/www.judomiesbach.de\/index.php?rest_route=\/wp\/v2\/pages\/122\/revisions\/655"}],"wp:attachment":[{"href":"https:\/\/www.judomiesbach.de\/index.php?rest_route=%2Fwp%2Fv2%2Fmedia&parent=122"}],"curies":[{"name":"wp","href":"https:\/\/api.w.org\/{rel}","templated":true}]}}

<figure class="wp-block-image is-resized"><img loading="lazy" decoding="async" width="384" height="512" class="wp-image-123" style="width: 330px; height: auto;" src="https://www.judomiesbach.de/wp-content/uploads/2019/11/ChristianG.jpg" alt="" srcset="https://www.judomiesbach.de/wp-content/uploads/2019/11/ChristianG.jpg 384w, https://www.judomiesbach.de/wp-content/uploads/2019/11/ChristianG-225x300.jpg 225w" sizes="auto, (max-width: 384px) 85vw, 384px" />
<figcaption class="wp-element-caption">Christian Grosch<br />Abteilungsleiter,<br />2. Dan Judo,<br />1. Dan Jiu-Jitsu,<br />Prüferlizenz,<br />Trainer C-Leistungssport,<br />Trainer C-Breitensport</figcaption>
</figure>
<figure class="wp-block-image is-resized"><img loading="lazy" decoding="async" width="822" height="1024" class="wp-image-427" style="width: 330px; height: auto;" src="https://www.judomiesbach.de/wp-content/uploads/2023/07/signal-2023-07-16-185335_002-822x1024.jpeg" alt="" srcset="https://www.judomiesbach.de/wp-content/uploads/2023/07/signal-2023-07-16-185335_002-822x1024.jpeg 822w, https://www.judomiesbach.de/wp-content/uploads/2023/07/signal-2023-07-16-185335_002-241x300.jpeg 241w, https://www.judomiesbach.de/wp-content/uploads/2023/07/signal-2023-07-16-185335_002-768x957.jpeg 768w, https://www.judomiesbach.de/wp-content/uploads/2023/07/signal-2023-07-16-185335_002-1233x1536.jpeg 1233w, https://www.judomiesbach.de/wp-content/uploads/2023/07/signal-2023-07-16-185335_002-1200x1495.jpeg 1200w, https://www.judomiesbach.de/wp-content/uploads/2023/07/signal-2023-07-16-185335_002.jpeg 1644w" sizes="auto, (max-width: 822px) 85vw, 822px" />
<figcaption class="wp-element-caption">Hannah Sergel 1. Dan<br />Prüferlizenz<br />Trainerin C Leistungssport<br />Bayrische Kata-Vizemeisterin</figcaption>
</figure>
<figure class="wp-block-image is-resized"><img loading="lazy" decoding="async" class="alignnone wp-image-538 size-full" style="width: 330px; height: auto;" src="https://www.judomiesbach.de/wp-content/uploads/2024/03/signal-2024-03-09-143744_002.jpeg" alt="" width="1536" height="2048" srcset="https://www.judomiesbach.de/wp-content/uploads/2024/03/signal-2024-03-09-143744_002.jpeg 1536w, https://www.judomiesbach.de/wp-content/uploads/2024/03/signal-2024-03-09-143744_002-225x300.jpeg 225w, https://www.judomiesbach.de/wp-content/uploads/2024/03/signal-2024-03-09-143744_002-768x1024.jpeg 768w, https://www.judomiesbach.de/wp-content/uploads/2024/03/signal-2024-03-09-143744_002-1152x1536.jpeg 1152w, https://www.judomiesbach.de/wp-content/uploads/2024/03/signal-2024-03-09-143744_002-1200x1600.jpeg 1200w" sizes="auto, (max-width: 709px) 85vw, (max-width: 909px) 67vw, (max-width: 1362px) 62vw, 840px" />
<figcaption class="wp-element-caption">Andreas Richter 1.Dan Ju Jutsu</figcaption>
</figure>


<figure class="wp-block-image is-resized"><img loading="lazy" decoding="async" width="181" height="242" src="https://www.judomiesbach.de/wp-content/uploads/2019/11/katja.jpg" alt="" class="wp-image-124" style="width:330px;height:auto"/><figcaption class="wp-element-caption"> Katja Grosch 1. Kyu<br>Kassenwartin &amp; Schriftführerin,<br>Trainerin </figcaption></figure>


<figure class="wp-block-image is-resized"><img loading="lazy" decoding="async" width="803" height="1024" src="https://www.judomiesbach.de/wp-content/uploads/2020/10/20201005_1853453-803x1024.jpg" alt="" class="wp-image-272" style="width:310px;height:auto" srcset="https://www.judomiesbach.de/wp-content/uploads/2020/10/20201005_1853453-803x1024.jpg 803w, https://www.judomiesbach.de/wp-content/uploads/2020/10/20201005_1853453-235x300.jpg 235w, https://www.judomiesbach.de/wp-content/uploads/2020/10/20201005_1853453-768x980.jpg 768w, https://www.judomiesbach.de/wp-content/uploads/2020/10/20201005_1853453-1204x1536.jpg 1204w, https://www.judomiesbach.de/wp-content/uploads/2020/10/20201005_1853453-1605x2048.jpg 1605w, https://www.judomiesbach.de/wp-content/uploads/2020/10/20201005_1853453-1200x1531.jpg 1200w, https://www.judomiesbach.de/wp-content/uploads/2020/10/20201005_1853453-scaled.jpg 2006w" sizes="auto, (max-width: 803px) 85vw, 803px" /><figcaption class="wp-element-caption"> Vitus Bernöcker <br />Trainer C Leistungssport,<br />süd<em>deutscher Vize-Meister U18</em></figcaption></figure>
<figure class="wp-block-image size-large is-resized"><img loading="lazy" decoding="async" width="768" height="1024" src="https://www.judomiesbach.de/wp-content/uploads/2021/02/christian-768x1024.jpg" alt="" class="wp-image-276" style="width:330px;height:auto" srcset="https://www.judomiesbach.de/wp-content/uploads/2021/02/christian-768x1024.jpg 768w, https://www.judomiesbach.de/wp-content/uploads/2021/02/christian-225x300.jpg 225w, https://www.judomiesbach.de/wp-content/uploads/2021/02/christian-1152x1536.jpg 1152w, https://www.judomiesbach.de/wp-content/uploads/2021/02/christian-1536x2048.jpg 1536w, https://www.judomiesbach.de/wp-content/uploads/2021/02/christian-1200x1600.jpg 1200w, https://www.judomiesbach.de/wp-content/uploads/2021/02/christian-scaled.jpg 1920w" sizes="auto, (max-width: 768px) 85vw, 768px" /></p>
<figcaption class="wp-element-caption">Christian Lohmann 1. Kyu<br /><em>stellvertr. Abteilungsleiter</em><br />Trainer C Leistungssport,<br />O<em>berbayerischer Meister U21</em></figcaption>
</figure>
<figure class="wp-block-image size-large is-resized"><img loading="lazy" decoding="async" width="603" height="1024" src="https://www.judomiesbach.de/wp-content/uploads/2022/12/signal-2022-12-02-161217_002-603x1024.jpeg" alt="" class="wp-image-375" style="width:330px;height:auto" srcset="https://www.judomiesbach.de/wp-content/uploads/2022/12/signal-2022-12-02-161217_002-603x1024.jpeg 603w, https://www.judomiesbach.de/wp-content/uploads/2022/12/signal-2022-12-02-161217_002-177x300.jpeg 177w, https://www.judomiesbach.de/wp-content/uploads/2022/12/signal-2022-12-02-161217_002-768x1303.jpeg 768w, https://www.judomiesbach.de/wp-content/uploads/2022/12/signal-2022-12-02-161217_002-905x1536.jpeg 905w, https://www.judomiesbach.de/wp-content/uploads/2022/12/signal-2022-12-02-161217_002.jpeg 1085w" sizes="auto, (max-width: 603px) 85vw, 603px" /></p>
<figcaption class="wp-element-caption">Trainerassistentin<br />Bayrische Kata-Vizemeisterin</figcaption>
</figure>
<figure class="wp-block-image"><img loading="lazy" decoding="async" width="181" height="242" src="https://www.judomiesbach.de/wp-content/uploads/2019/11/Tamara.jpg" alt="" class="wp-image-125"/></p>
<figcaption class="wp-element-caption" style="width:330px;height:auto"/> Tamara Hart 1. Kyu<br />Trainerin C </figcaption>
</figure>

<p>Christian GroschAbteilungsleiter,2. Dan Judo,1. Dan Jiu-Jitsu,Prüferlizenz,Trainer C-Leistungssport,Trainer C-Breitensport Hannah Sergel 1. DanPrüferlizenzTrainerin C LeistungssportBayrische Kata-Vizemeisterin Andreas Richter 1.Dan Ju Jutsu Vitus Bernöcker Trainer C Leistungssport,süddeutscher Vize-Meister U18 Christian Lohmann 1. Kyustellvertr. AbteilungsleiterTrainer C Leistungssport,Oberbayerischer Meister U21 TrainerassistentinBayrische Kata-Vizemeisterin Tamara Hart 1. KyuTrainerin C</p>
